{"id":18625,"date":"2022-05-27T00:13:20","date_gmt":"2022-05-27T00:13:20","guid":{"rendered":"https:\/\/ragnaroklabsoficial.com\/ragnarok\/?post_type=product&#038;p=18625"},"modified":"2024-04-03T19:23:39","modified_gmt":"2024-04-03T19:23:39","slug":"dianabol-tabletas-25-mg","status":"publish","type":"product","link":"https:\/\/ragnaroklabsoficial.com\/ragnarok\/index.php\/producto\/dianabol-tabletas-25-mg\/","title":{"rendered":"Dianabol Tabletas 25 mg"},"content":{"rendered":"<p>Dianabol Tabletas 25 mg<\/p>\n<p>Dianabol afecta la s\u00edntesis de la prote\u00edna y apoya la creaci\u00f3n de prote\u00edna. Dianabol es muy poderoso, en t\u00e9rminos de efectos andr\u00f3genos y anab\u00f3licos en el cuerpo del usuario. El resultado de estos efectos es un gran aumento de la masa muscular y la fuerza en un per\u00edodo relativamente r\u00e1pido.<\/p>\n","protected":false},"excerpt":{"rendered":"<p>Dianabol es el nombre antiguo para el esteroide oral metandrostenolona de la marca Ciba, es un derivado de la testosterona que da fuertes propiedades anab\u00f3licas y propiedades androg\u00e9nicas moderadas.<br \/>\nDianabol es uno de los m\u00e1s eficaces de fomento de los esteroides en masa que jam\u00e1s se haya creado. Fue, de hecho, creada espec\u00edficamente para los atletas a utilizar para mejorar el rendimiento (aunque se aleg\u00f3 tuvo capacidad terap\u00e9utica). Es siempre muy impresionantes ganancias de peso y la fuerza de la mayor\u00eda de los usuarios. Experimentando un 2-3 kg de peso por semana no es desconocida, sobre todo en los novatos. Cabe se\u00f1alar que una gran cantidad de agua si es el peso.<\/p>\n","protected":false},"featured_media":18626,"comment_status":"open","ping_status":"closed","template":"","meta":[],"product_cat":[198,187],"product_tag":[201],"class_list":["post-18625","product","type-product","status-publish","has-post-thumbnail","hentry","product_cat-dianabol-tabletas","product_cat-farmaco-deportivo","product_tag-dianabol","ts_product_brand-ragnarok-labs"],"_links":{"self":[{"href":"https:\/\/ragnaroklabsoficial.com\/ragnarok\/index.php\/wp-json\/wp\/v2\/product\/18625","targetHints":{"allow":["GET"]}}],"collection":[{"href":"https:\/\/ragnaroklabsoficial.com\/ragnarok\/index.php\/wp-json\/wp\/v2\/product"}],"about":[{"href":"https:\/\/ragnaroklabsoficial.com\/ragnarok\/index.php\/wp-json\/wp\/v2\/types\/product"}],"replies":[{"embeddable":true,"href":"https:\/\/ragnaroklabsoficial.com\/ragnarok\/index.php\/wp-json\/wp\/v2\/comments?post=18625"}],"wp:featuredmedia":[{"embeddable":true,"href":"https:\/\/ragnaroklabsoficial.com\/ragnarok\/index.php\/wp-json\/wp\/v2\/media\/18626"}],"wp:attachment":[{"href":"https:\/\/ragnaroklabsoficial.com\/ragnarok\/index.php\/wp-json\/wp\/v2\/media?parent=18625"}],"wp:term":[{"taxonomy":"product_cat","embeddable":true,"href":"https:\/\/ragnaroklabsoficial.com\/ragnarok\/index.php\/wp-json\/wp\/v2\/product_cat?post=18625"},{"taxonomy":"product_tag","embeddable":true,"href":"https:\/\/ragnaroklabsoficial.com\/ragnarok\/index.php\/wp-json\/wp\/v2\/product_tag?post=18625"}],"curies":[{"name":"wp","href":"https:\/\/api.w.org\/{rel}","templated":true}]}}